{"id":560,"date":"2014-03-05T05:38:35","date_gmt":"2014-03-05T05:38:35","guid":{"rendered":"http:\/\/www.mapsrv.dk\/?page_id=560"},"modified":"2024-11-12T04:48:24","modified_gmt":"2024-11-12T02:48:24","slug":"fagmanden-anbefaler","status":"publish","type":"page","link":"https:\/\/www.mogens-green.dk\/?page_id=560","title":{"rendered":"Fagmanden anbefaler"},"content":{"rendered":"<table style=\"width: 100%; border-collapse: collapse;\">\n<tbody>\n<tr>\n<td style=\"padding-right: 10px; vertical-align: top;\">\n<div>\n<p>Mogens Green Rasmussen s\u00e6tter den faglige stolthed i h\u00f8js\u00e6det. Det betyder, at du altid f\u00e5r flotte og holdbare resultater, n\u00e5r du benytter Mogens Green Rasmussen.Mogens Green Rasmussen s\u00e6tter en \u00e6re i arbejdet med tr\u00e6. Det er et alsidigt materiale, der kan bruges til det meste og giver robuste, naturlige og \u00e6stetiske overflader.<\/p>\n<\/div>\n<div><\/div>\n<div>N\u00e5r dit hjem skal have nye rammer, st\u00e5r Mogens Green Rasmussen klar med r\u00e5dgivning, projektering og et kvalitetsh\u00e5ndv\u00e6rk, der giver din bolig et unikt pr\u00e6g.<\/div>\n<div>F\u00f8lgende leverand\u00f8rer anbefales af din professionelle fagmand &#8211; Mogens Green Rasmussen:<\/div>\n<div><\/div>\n<\/td>\n<td style=\"vertical-align: top;\">\n<div><img decoding=\"async\" alt=\"\" src=\"wp-content\/uploads\/2014\/03\/content-anbefaler-1.jpg\" border=\"0\" \/><\/div>\n<\/td>\n<\/tr>\n<\/tbody>\n<\/table>\n<p>&nbsp;<\/p>\n<p><a href=\"http:\/\/www.stark.dk\" target=\"_blank\" rel=\"noopener\"><img decoding=\"async\" alt=\"\" src=\"wp-content\/uploads\/2014\/03\/Fjordal.jpg\" border=\"0\" \/><\/a> <a href=\"http:\/\/www.bmc-danmark.com\" target=\"_blank\" rel=\"noopener\"><img decoding=\"async\" alt=\"\" src=\"wp-content\/uploads\/2014\/03\/BMC.jpg\" border=\"0\" \/><\/a> <a href=\"http:\/\/www.isoleringdanmark.dk\" target=\"_blank\" rel=\"noopener\"><img decoding=\"async\" alt=\"\" src=\"wp-content\/uploads\/2014\/03\/BreinholmGruppen.jpg\" border=\"0\" \/><\/a> <a href=\"http:\/\/www.boejsoe.dk\" target=\"_blank\" rel=\"noopener\"><img decoding=\"async\" alt=\"\" src=\"wp-content\/uploads\/2014\/03\/Boejsoe.jpg\" border=\"0\" \/><\/a><\/p>\n<p><a href=\"http:\/\/www.aubo.dk\" target=\"_blank\" rel=\"noopener\"><img decoding=\"async\" alt=\"\" src=\"wp-content\/uploads\/2014\/03\/Aubo.jpg\" border=\"0\" \/><\/a> <a href=\"http:\/\/www.cembrit.dk\" target=\"_blank\" rel=\"noopener\"><img decoding=\"async\" alt=\"\" src=\"wp-content\/uploads\/2014\/03\/Cembrit.jpg\" border=\"0\" \/><\/a> <a href=\"http:\/\/www.ds-staalprofil.dk\" target=\"_blank\" rel=\"noopener\"><img decoding=\"async\" alt=\"\" src=\"wp-content\/uploads\/2014\/03\/DS-Staalprofil.jpg\" border=\"0\" \/><\/a> <a href=\"http:\/\/www.frovin.dk\" target=\"_blank\" rel=\"noopener\"><img decoding=\"async\" alt=\"\" src=\"wp-content\/uploads\/2014\/03\/Frovin.jpg\" border=\"0\" \/><\/a><\/p>\n<p><a href=\"http:\/\/www.dmhvinduer.dk\" target=\"_blank\" rel=\"noopener\"><img decoding=\"async\" alt=\"\" src=\"wp-content\/uploads\/2014\/03\/HornumVinduesfabrik.jpg\" border=\"0\" \/><\/a> <a href=\"http:\/\/horningfloor.dk\/\" target=\"_blank\" rel=\"noopener\"><img decoding=\"async\" alt=\"\" src=\"wp-content\/uploads\/2014\/03\/HrningParket.jpg\" border=\"0\" \/><\/a> <a href=\"http:\/\/www.ibf.dk\/da\" target=\"_blank\" rel=\"noopener\"><img decoding=\"async\" alt=\"\" src=\"wp-content\/uploads\/2014\/03\/IBF.jpg\" border=\"0\" \/><\/a> <a href=\"http:\/\/www.icopal.dk\" target=\"_blank\" rel=\"noopener\"><img decoding=\"async\" alt=\"\" src=\"wp-content\/uploads\/2014\/03\/Icopal.jpg\" border=\"0\" \/><\/a><\/p>\n<p><a href=\"http:\/\/www.idealcombi.dk\" target=\"_blank\" rel=\"noopener\"><img decoding=\"async\" alt=\"\" src=\"wp-content\/uploads\/2014\/03\/Idealcombi.jpg\" border=\"0\" \/><\/a> <a href=\"http:\/\/jvk.dk\" target=\"_blank\" rel=\"noopener\"><img decoding=\"async\" alt=\"\" src=\"wp-content\/uploads\/2014\/03\/Jydsk-Vindueskompagni.jpg\" border=\"0\" \/><\/a> <a href=\"http:\/\/www.lindab.com\/dk\" target=\"_blank\" rel=\"noopener\"><img decoding=\"async\" alt=\"\" src=\"wp-content\/uploads\/2014\/03\/Lindab.jpg\" border=\"0\" \/><\/a> <a href=\"http:\/\/www.metrotile.dk\" target=\"_blank\" rel=\"noopener\"><img decoding=\"async\" alt=\"\" src=\"wp-content\/uploads\/2014\/03\/Metrotile.jpg\" border=\"0\" \/><\/a><\/p>\n<p><a href=\"http:\/\/moland-danmark.dk\" target=\"_blank\" rel=\"noopener\"><img decoding=\"async\" alt=\"\" src=\"wp-content\/uploads\/2014\/03\/Moland.jpg\" border=\"0\" \/><\/a> <a href=\"http:\/\/www.monier.dk\" target=\"_blank\" rel=\"noopener\"><img decoding=\"async\" alt=\"\" src=\"wp-content\/uploads\/2014\/03\/Monier.jpg\" border=\"0\" \/><\/a> <a href=\"http:\/\/www.outline.dk\" target=\"_blank\" rel=\"noopener\"><img decoding=\"async\" alt=\"\" src=\"wp-content\/uploads\/2014\/03\/Outline.jpg\" border=\"0\" \/><\/a> <a href=\"http:\/\/www.plankegulv.com\" target=\"_blank\" rel=\"noopener\"><img decoding=\"async\" alt=\"\" src=\"wp-content\/uploads\/2014\/03\/pagulve.jpg\" border=\"0\" \/><\/a><\/p>\n<p><a href=\"http:\/\/www.plastmo.dk\" target=\"_blank\" rel=\"noopener\"><img decoding=\"async\" alt=\"\" src=\"wp-content\/uploads\/2014\/03\/Plastmo.jpg\" border=\"0\" \/><\/a> <a href=\"http:\/\/www.pmtrae.dk\" target=\"_blank\" rel=\"noopener\"><img decoding=\"async\" alt=\"\" src=\"wp-content\/uploads\/2014\/03\/pmtre.jpg\" border=\"0\" \/><\/a> <a href=\"http:\/\/www.tagkviste.dk\/\" target=\"_blank\" rel=\"noopener\"><img decoding=\"async\" alt=\"\" src=\"wp-content\/uploads\/2014\/03\/Quattro.jpg\" border=\"0\" \/><\/a> <a href=\"http:\/\/www.rationel.dk\" target=\"_blank\" rel=\"noopener\"><img decoding=\"async\" alt=\"\" src=\"wp-content\/uploads\/2014\/03\/Rationel.jpg\" border=\"0\" \/><\/a><\/p>\n<p><a href=\"http:\/\/www.rheinzink.dk\" target=\"_blank\" rel=\"noopener\"><img decoding=\"async\" alt=\"\" src=\"wp-content\/uploads\/2014\/03\/Rheinzink.jpg\" border=\"0\" \/><\/a> <a href=\"http:\/\/www.rockwool.dk\" target=\"_blank\" rel=\"noopener\"><img decoding=\"async\" alt=\"\" src=\"wp-content\/uploads\/2014\/03\/Rockwool.jpg\" border=\"0\" \/><\/a> <a href=\"http:\/\/sindaltrappen.dk\" target=\"_blank\" rel=\"noopener\"><img decoding=\"async\" alt=\"\" src=\"wp-content\/uploads\/2014\/03\/Sindal-Trappen.jpg\" border=\"0\" \/><\/a> <a href=\"http:\/\/www.skjern-vinduer.dk\" target=\"_blank\" rel=\"noopener\"><img decoding=\"async\" alt=\"\" src=\"wp-content\/uploads\/2014\/03\/Skjern-Vinduer.jpg\" border=\"0\" \/><\/a><\/p>\n<p><a href=\"http:\/\/www.svane.com\" target=\"_blank\" rel=\"noopener\"><img decoding=\"async\" alt=\"\" src=\"wp-content\/uploads\/2014\/03\/Svane-Koekkenet.jpg\" border=\"0\" \/><\/a> <a href=\"http:\/\/www.jeld-wen.dk\" target=\"_blank\" rel=\"noopener\"><img decoding=\"async\" alt=\"\" src=\"wp-content\/uploads\/2014\/03\/SwedoorKilsgaard.jpg\" border=\"0\" \/><\/a> <a href=\"http:\/\/thytrapper.dk\" target=\"_blank\" rel=\"noopener\"><img decoding=\"async\" alt=\"\" src=\"wp-content\/uploads\/2014\/03\/ThyTrapper.jpg\" border=\"0\" \/><\/a> <a href=\"http:\/\/www.tvis.com\" target=\"_blank\" rel=\"noopener\"><img decoding=\"async\" alt=\"\" src=\"wp-content\/uploads\/2014\/03\/Tvis.jpg\" border=\"0\" \/><\/a><\/p>\n<p><a href=\"http:\/\/velfac.dk\" target=\"_blank\" rel=\"noopener\"><img decoding=\"async\" alt=\"\" src=\"wp-content\/uploads\/2014\/03\/Velfac.jpg\" border=\"0\" \/><\/a> <a href=\"http:\/\/www.velux.dk\" target=\"_blank\" rel=\"noopener\"><img decoding=\"async\" alt=\"\" src=\"wp-content\/uploads\/2014\/03\/Velux.jpg\" border=\"0\" \/><\/a><a href=\"http:\/\/www.win-door.dk\" target=\"_blank\" rel=\"noopener\"><img decoding=\"async\" alt=\"\" src=\"wp-content\/uploads\/2014\/03\/Win-Door.jpg\" border=\"0\" \/><\/a><a href=\"http:\/\/www.wikinggulve.dk\" target=\"_blank\" rel=\"noopener\"><img decoding=\"async\" alt=\"\" src=\"wp-content\/uploads\/2014\/03\/WikingGulve.jpg\" border=\"0\" \/><\/a><\/p>\n","protected":false},"excerpt":{"rendered":"<p>Mogens Green Rasmussen s\u00e6tter den faglige stolthed i h\u00f8js\u00e6det. Det betyder, at du altid f\u00e5r flotte og holdbare resultater, n\u00e5r du benytter Mogens Green Rasmussen.Mogens Green Rasmussen s\u00e6tter en \u00e6re i arbejdet med tr\u00e6. Det er et alsidigt materiale, der kan bruges til det meste og giver robuste, naturlige og \u00e6stetiske overflader. N\u00e5r dit hjem&#8230;<\/p>\n","protected":false},"author":1,"featured_media":0,"parent":0,"menu_order":0,"comment_status":"closed","ping_status":"closed","template":"template-fullwidth.php","meta":{"footnotes":"","_links_to":"","_links_to_target":""},"class_list":["post-560","page","type-page","status-publish","hentry"],"_links":{"self":[{"href":"https:\/\/www.mogens-green.dk\/index.php?rest_route=\/wp\/v2\/pages\/560"}],"collection":[{"href":"https:\/\/www.mogens-green.dk\/index.php?rest_route=\/wp\/v2\/pages"}],"about":[{"href":"https:\/\/www.mogens-green.dk\/index.php?rest_route=\/wp\/v2\/types\/page"}],"author":[{"embeddable":true,"href":"https:\/\/www.mogens-green.dk\/index.php?rest_route=\/wp\/v2\/users\/1"}],"replies":[{"embeddable":true,"href":"https:\/\/www.mogens-green.dk\/index.php?rest_route=%2Fwp%2Fv2%2Fcomments&post=560"}],"version-history":[{"count":43,"href":"https:\/\/www.mogens-green.dk\/index.php?rest_route=\/wp\/v2\/pages\/560\/revisions"}],"predecessor-version":[{"id":888,"href":"https:\/\/www.mogens-green.dk\/index.php?rest_route=\/wp\/v2\/pages\/560\/revisions\/888"}],"wp:attachment":[{"href":"https:\/\/www.mogens-green.dk\/index.php?rest_route=%2Fwp%2Fv2%2Fmedia&parent=560"}],"curies":[{"name":"wp","href":"https:\/\/api.w.org\/{rel}","templated":true}]}}