{"id":532,"date":"2014-03-05T05:24:45","date_gmt":"2014-03-05T05:24:45","guid":{"rendered":"http:\/\/www.mapsrv.dk\/?page_id=532"},"modified":"2024-11-12T04:47:23","modified_gmt":"2024-11-12T02:47:23","slug":"monier","status":"publish","type":"page","link":"https:\/\/www.mogens-green.dk\/?page_id=532","title":{"rendered":"Monier"},"content":{"rendered":"<h1>Tagl\u00f8sninger<\/h1>\n<div><a href=\"\/imodul\/redirect\/646\/http%3A%2F%2Fwww%2Emoniertag%2Edk%2Fvaelg%2Dtag%2Fvores%2Dbrochurer%2Ehtml\" target=\"_blank\" rel=\"noopener\"><\/a>Taget er en af de mest udsatte dele af dit hus. Det skal v\u00e6re holdbart, det skal v\u00e6re t\u00e6t og smukt. MONIER ved, hvordan et godt tag skal se ud. Vores viden om tag g\u00e5r langt tilbage i historien.<\/p>\n<p>En tagsten har n\u00e6sten samme udseende overalt p\u00e5 kloden, men ogs\u00e5 kun n\u00e6sten. Tidens modestr\u00f8mninger inden for arkitekturen har gennem tiderne forandret tagstenens udseende. Men tagstenen er meget mere end blot en prydgenstand, tagets funktion har ogs\u00e5 stor betydning for ventilation og isolering.<\/p>\n<p>N\u00e5r du v\u00e6lger at opl\u00e6gge et nyt tag, giver du dit hus et l\u00f8ft, b\u00e5de n\u00e5r det g\u00e6lder udseende og v\u00e6rdi.<\/p>\n<p><strong>MONIERs testcenter<\/p>\n<p><\/strong>Et tag skal kunne holde til meget \u2013 og i MONIERs testcentre til endnu mere. Her gennemf\u00f8res kontinuerligt og omhyggelige test af produkterne. Vores forskning omfatter bl.a.:<\/div>\n<ul>\n<li>\n<div><img decoding=\"async\" alt=\"\" src=\"wp-content\/uploads\/2014\/03\/monier-content-6.png\" align=\"right\" border=\"0\">UV-str\u00e5lingstest&nbsp;<\/div>\n<div><\/div>\n<\/li>\n<li>\n<div>Frostbestandighed&nbsp;<\/div>\n<div><\/div>\n<\/li>\n<li>\n<div>Erosion&nbsp;<\/div>\n<div><\/div>\n<\/li>\n<li>\n<div>Hurtige temperaturudsvingninger&nbsp;<\/div>\n<div><\/div>\n<\/li>\n<li>\n<div>Kvalitetskontrol&nbsp;<\/div>\n<div><\/div>\n<\/li>\n<li>\n<div>Test for frostfasthed&nbsp;<\/div>\n<div><\/div>\n<\/li>\n<\/ul>\n<div>\n<p><strong>Kvalitetsprodukter fra MONIER<\/p>\n<p><\/strong>Hos MONIER har vi et stort udvalg til dit nye tag. Du kan f.eks. v\u00e6lge at f\u00e5 lagt et betontag med vores B&amp;C dobbelt-S tagsten. Tagstenen er kendetegnet ved den rustikke form, den afrundede forkant samt den specielle b\u00f8lgeformede profil, der giver en flot tagflade med et smukt skyggespil.<\/p>\n<p>Du kan ogs\u00e5 v\u00e6lge at f\u00e5 lagt et tegltag af Nortegl. Nortegl er kendetegnet ved den klassiske, dybe nordiske profil. Nortegl er en formpresset falstagsten, hvilket bevirker, at alle tagsten har pr\u00e6cis den samme form. Nortegl er lidt st\u00f8rre end almindelige tagsten og kan l\u00e6gges med variabel l\u00e6gteafstand, hvilket g\u00f8r arbejdet b\u00e5de nemmere og hurtigere \u2013 Nortegl er med andre ord lig med god total\u00f8konomi. <\/p>\n<table>\n<tbody><\/tbody>\n<\/table>\n<\/div>\n","protected":false},"excerpt":{"rendered":"<p>Tagl\u00f8sninger Taget er en af de mest udsatte dele af dit hus. Det skal v\u00e6re holdbart, det skal v\u00e6re t\u00e6t og smukt. MONIER ved, hvordan et godt tag skal se ud. Vores viden om tag g\u00e5r langt tilbage i historien. En tagsten har n\u00e6sten samme udseende overalt p\u00e5 kloden, men ogs\u00e5 kun n\u00e6sten. Tidens modestr\u00f8mninger&#8230;<\/p>\n","protected":false},"author":1,"featured_media":0,"parent":0,"menu_order":0,"comment_status":"closed","ping_status":"closed","template":"template-fullwidth.php","meta":{"footnotes":"","_links_to":"","_links_to_target":""},"class_list":["post-532","page","type-page","status-publish","hentry"],"_links":{"self":[{"href":"https:\/\/www.mogens-green.dk\/index.php?rest_route=\/wp\/v2\/pages\/532"}],"collection":[{"href":"https:\/\/www.mogens-green.dk\/index.php?rest_route=\/wp\/v2\/pages"}],"about":[{"href":"https:\/\/www.mogens-green.dk\/index.php?rest_route=\/wp\/v2\/types\/page"}],"author":[{"embeddable":true,"href":"https:\/\/www.mogens-green.dk\/index.php?rest_route=\/wp\/v2\/users\/1"}],"replies":[{"embeddable":true,"href":"https:\/\/www.mogens-green.dk\/index.php?rest_route=%2Fwp%2Fv2%2Fcomments&post=532"}],"version-history":[{"count":4,"href":"https:\/\/www.mogens-green.dk\/index.php?rest_route=\/wp\/v2\/pages\/532\/revisions"}],"predecessor-version":[{"id":886,"href":"https:\/\/www.mogens-green.dk\/index.php?rest_route=\/wp\/v2\/pages\/532\/revisions\/886"}],"wp:attachment":[{"href":"https:\/\/www.mogens-green.dk\/index.php?rest_route=%2Fwp%2Fv2%2Fmedia&parent=532"}],"curies":[{"name":"wp","href":"https:\/\/api.w.org\/{rel}","templated":true}]}}