{"id":498,"date":"2014-03-05T05:10:27","date_gmt":"2014-03-05T05:10:27","guid":{"rendered":"http:\/\/www.mapsrv.dk\/?page_id=498"},"modified":"2024-11-12T04:47:59","modified_gmt":"2024-11-12T02:47:59","slug":"icopal","status":"publish","type":"page","link":"https:\/\/www.mogens-green.dk\/?page_id=498","title":{"rendered":"Icopal"},"content":{"rendered":"<h1>Decra &#8211; den perfekte l\u00f8sning<\/h1>\n<div>\n<p>Har du et gammelt tag med b\u00f8lgetagplader eller skifereternit, som viser \u201dalderdomstegn\u201d, s\u00e5 er Decra den perfekte l\u00f8sning. Ud over at v\u00e6re det st\u00e6rkeste produkt p\u00e5 markedet, er Decra ogs\u00e5 det letteste. Det giver store fordele og gode muligheder for besparelser i forbindelse med renovering. Ofte kan Decra nemlig l\u00e6gges direkte oven p\u00e5 det eksisterende tag.<\/p>\n<p>Decra pladerne er bygget op omkring en st\u00e6rk st\u00e5lkerne. Pladernes st\u00f8rrelse og lave v\u00e6gt g\u00f8r dem utroligt h\u00e5ndterbare. S\u00e5ledes bliver monteringen forholdsvis hurtig og smertefri \u2013 ikke kun for husets ejer, men ogs\u00e5 for h\u00e5ndv\u00e6rkeren\/tagd\u00e6kkeren som udf\u00f8rer arbejdet.<\/p>\n<p><strong><\/strong><br \/>\n<img loading=\"lazy\" decoding=\"async\" alt=\"\" src=\"wp-content\/uploads\/2014\/03\/icopal-pluslogo.png\" width=\"140\" height=\"82\" align=\"right\" border=\"0\" \/>I l\u00f8bet af de 30 \u00e5r Decra har v\u00e6ret p\u00e5 det danske marked, har mange tusinde danske hjem f\u00e5et lagt det smukke tag. De mange fordele og de mange \u00e5rs gode erfaringer med Decra betyder, at Icopal er overbevidst om produktets kvalitet. Den sikkerhed vil vi gerne give videre til vores kunder. Derfor tilbyder vi den bedste garanti p\u00e5 markedet. En 30 \u00e5rs produktgaranti p\u00e5 alle vores Decra produkter. Garantien sikrer, at du som kunde f\u00e5r fuld kompensation i tilf\u00e6lde af gennemt\u00e6ring. Vi s\u00f8rger for alt lige fra erstatning af produkter til betaling af arbejdsl\u00f8n i forbindelse med reparationen.<\/p>\n<\/div>\n<div><\/div>\n<div><img loading=\"lazy\" decoding=\"async\" alt=\"\" src=\"wp-content\/uploads\/2014\/03\/icopal-content-1.png\" width=\"160\" height=\"145\" align=\"right\" border=\"0\" \/>Decra Classic er det oprindelige produkt i Decra serien og er indbegrebet af traditionel dansk byggetradition. Det f\u00f8rste tag blev lagt i 1978. Siden er flere tusinde danske bygninger blevet prydet med netop dette tag.<\/div>\n<div>\n<p>Classic er, pr\u00e6cis som de andre Decra produkter, bygget op omkring en kerne af st\u00e5l. Udvendigt har Classic en stenbekl\u00e6dning p\u00e5 overfladen, som giver produktet det rustikke og klassiske look.<\/p>\n<p>Du kan v\u00e6lge Decra Classic i mange smukke farver: Kulsort, Gr\u00f8n, Antik, Pal\u00e6r\u00f8d, R\u00f8dbrun og R\u00f8d. Og det er vel at m\u00e6rke farver, der holder. Den udvendige stenbekl\u00e6dning s\u00f8rger for farve\u00e6gthed. Sol og vind bider ikke p\u00e5 farven, og den holder sig i mange, mange \u00e5r.<\/p>\n<\/div>\n<div><\/div>\n<div>Med sit elegante og stilrene udseende er Decra Elegance et godt produkt til dig, der \u00f8nsker et nyt og mere moderne udtryk. Yderst er Decra Elegance belagt med en kraftig og slagfast lakering, som sikrer, at taget beholder sin oprindelige overflade og smukke farve i mange \u00e5r \u2013 uafh\u00e6ngigt af vejr og vind.Decra Elegance har en indbygget, patenteret, lydd\u00e6mpningseffekt, som sikrer, at dit nye, flotte tag ogs\u00e5 kan nydes indefra.<\/p>\n<\/div>\n<div>\n<p>Du kan v\u00e6lge Decra Elegance i mange sp\u00e6ndende farver: Vinr\u00f8d, Skovgr\u00f8n, Grafit, Kastanie, Terra Cotta, Sort Blank og Sort Silkemat. Du har rig mulighed for at v\u00e6lge den helt rigtige farve, som passer perfekt til netop dit hus.<\/p>\n<\/div>\n<div><\/div>\n<div>Med Stratos f\u00e5r du en helt unik tagprofil, som har h\u00f8stet store erfaringer is\u00e6r p\u00e5 det europ\u00e6iske marked. Opbygningen med st\u00e5lkernen i midten g\u00e5r igen fra de to andre produkter i Decra serien. Forskellen ved Stratos er, at st\u00e5lkernen har en anden udformning, hvilket giver et anderledes, sp\u00e6ndende udtryk p\u00e5 det f\u00e6rdige tag. St\u00e5lkernen er for Stratos\u2019 vedkommende belagt med et elegant, indfarvet stengranulat.Du kan v\u00e6lge imellem to farvemuligheder, hvis du v\u00e6lger Decra Stratos til dit tag. Pepperstone eller Sort.<\/p>\n<\/div>\n","protected":false},"excerpt":{"rendered":"<p>Decra &#8211; den perfekte l\u00f8sning Har du et gammelt tag med b\u00f8lgetagplader eller skifereternit, som viser \u201dalderdomstegn\u201d, s\u00e5 er Decra den perfekte l\u00f8sning. Ud over at v\u00e6re det st\u00e6rkeste produkt p\u00e5 markedet, er Decra ogs\u00e5 det letteste. Det giver store fordele og gode muligheder for besparelser i forbindelse med renovering. Ofte kan Decra nemlig l\u00e6gges&#8230;<\/p>\n","protected":false},"author":1,"featured_media":0,"parent":0,"menu_order":0,"comment_status":"closed","ping_status":"closed","template":"template-fullwidth.php","meta":{"footnotes":"","_links_to":"","_links_to_target":""},"class_list":["post-498","page","type-page","status-publish","hentry"],"_links":{"self":[{"href":"https:\/\/www.mogens-green.dk\/index.php?rest_route=\/wp\/v2\/pages\/498"}],"collection":[{"href":"https:\/\/www.mogens-green.dk\/index.php?rest_route=\/wp\/v2\/pages"}],"about":[{"href":"https:\/\/www.mogens-green.dk\/index.php?rest_route=\/wp\/v2\/types\/page"}],"author":[{"embeddable":true,"href":"https:\/\/www.mogens-green.dk\/index.php?rest_route=\/wp\/v2\/users\/1"}],"replies":[{"embeddable":true,"href":"https:\/\/www.mogens-green.dk\/index.php?rest_route=%2Fwp%2Fv2%2Fcomments&post=498"}],"version-history":[{"count":17,"href":"https:\/\/www.mogens-green.dk\/index.php?rest_route=\/wp\/v2\/pages\/498\/revisions"}],"predecessor-version":[{"id":518,"href":"https:\/\/www.mogens-green.dk\/index.php?rest_route=\/wp\/v2\/pages\/498\/revisions\/518"}],"wp:attachment":[{"href":"https:\/\/www.mogens-green.dk\/index.php?rest_route=%2Fwp%2Fv2%2Fmedia&parent=498"}],"curies":[{"name":"wp","href":"https:\/\/api.w.org\/{rel}","templated":true}]}}