{"id":2,"date":"2013-01-23T03:00:15","date_gmt":"2013-01-23T03:00:15","guid":{"rendered":"http:\/\/mogens-green.dk\/?page_id=2"},"modified":"2024-11-12T05:00:20","modified_gmt":"2024-11-12T03:00:20","slug":"forside","status":"publish","type":"page","link":"https:\/\/www.mogens-green.dk\/","title":{"rendered":"Forside"},"content":{"rendered":"<p>Mogens Green Rasmussen p\u00e5 Fyn har gennem 17 \u00e5r v\u00e6ret selvst\u00e6ndig t\u00f8mrermester. Faaborg-firmaet,\u00a0M\u00e5ls\u00e6tningen er at fremst\u00e5 som en kvalitetsbevidst T\u00f8mrerfirma, der udf\u00f8rer opgaver indenfor traditionelt T\u00f8mrer- &amp; Snedkermester r\u00e5der over eget snedkerv\u00e6rksted, renovering,\u00a0k\u00f8kkenmontering, glasmontering, boligselskabsopgaver, forsikringsskader, totalbyg,\u00a0 Renovering af kirke udf\u00f8res professionelt.m.m.<\/p>\n<p>Fyn har vi mange \u00e5rs erfaring i at udf\u00f8re restaurering og renovering af kirker.\u00a0 Danmark er rig p\u00e5 gamle og smukke bygningsv\u00e6rker med en lang historie og en helt s\u00e6regen byggestil og kulturv\u00e6rdi. Specielt de danske kirker er helt unikke bygningsv\u00e6rker med en byggestil uden sidestykke. Derfor det er vigtigt, at disse bliver behandlet og renoveret med stor respekt for de gamle byggetraditioner og -teknikker.\u200b<\/p>\n<h2>En renovering af kirke kr\u00e6ver erfaring<\/h2>\n<p>Et vedligehold og renovering af en kirke er ofte mere kompleks end andre bygninger, da der er tale om et helt specielt bygningsv\u00e6rk. Der kr\u00e6ves derfor et indg\u00e5ende kendskab til de anvendte materialer, fugtforhold med mere, ligesom det er vigtigt at tage hensyn til b\u00e5de de fysiske konstruktionsmetoder og det smukke \u00e6stetiske udtryk, der ofte forekommer i kirker.<\/p>\n<p>\u200bMed vores mange\u00e5rige erfaring har vi stor forst\u00e5else for og ekspertise i at renovere kirker, og vi g\u00f8r os umage gennem hele byggeprocessen og udf\u00f8rer et kvalitetssikkert, solidt og holdbart stykke arbejde.<\/p>\n<div class=\"column step-3-12\">\n<div id=\"site-container-16351\" class=\"Container Placeholder con-81 \" data-snap=\"1\">\n<div class=\"row\">\n<div class=\"column step-3-12 step-2-5\">\n<div id=\"site-container-16354\" class=\"Container Placeholder con-226 \" data-snap=\"1\">\n<div class=\"row\">\n<div class=\"column step-3-12\">\n<div id=\"site-container-16349\" class=\"Container ModuleElement Image con-83 \" data-snap=\"1\" data-containertype=\"Image\" data-moduleelement=\"7910\">\n<div>\n<div id=\"site-container-17512\" class=\"Container ModuleElement Textarea AutoResizable con-163 \" data-snap=\"1\" data-containertype=\"Textarea\" data-moduleelement=\"7911\">\n<div class=\"Module-7911 Textarea\">\n<p>Vi har gennem mange \u00e5r specialiseret os i at kirkerenovering. Det er et sp\u00e6ndende arbejde, som kr\u00e6ver et godt samarbejde med b\u00e5de arkitekt, ingeni\u00f8rer, menighedsr\u00e5d og Kulturarvsstyrelsen, og vi s\u00e6tter en stor \u00e6re i at l\u00f8se opgaven til perfektion.\u200bVi\u00a0leverer kvalitetsarbejde til konkurrencedygtige priser, og s\u00f8rger altid for at overholde aftalte\u00a0betingelser og leveringstider.\u00a0 Det er\u00a0ligeledes vigtigt for os at minimere enhver anledning til reklamationer, samt at gennemf\u00f8re en hurtig og effektiv\u00a0udbedring\u00a0af de mangler, der trods alt m\u00e5tte forekomme i Deres hjem..<\/p>\n<\/div>\n<\/div>\n<\/div>\n<\/div>\n<\/div>\n<\/div>\n<\/div>\n<\/div>\n<\/div>\n<\/div>\n<\/div>\n<h2>Historen kort<\/h2>\n<p>Lige fra starten i 1998 er forretningens vidtforgrenede kundekreds f\u00f8rst og fremmest vokset via mund-til-\u00f8re-metoden. I dag er firmaets kerneomr\u00e5de d\u00f8re, vinduer, tage og udestuer i alle materialer, dessiner og prisklasser, fort\u00e6ller indehaver Mogens Green Rasmussen.<\/p>\n<p><img decoding=\"async\" style=\"border: #d0cbc8 5px solid;\" title=\"\" src=\"wp-content\/uploads\/2014\/03\/forside.jpg\" alt=\"\" border=\"0\" \/><\/p>\n","protected":false},"excerpt":{"rendered":"<p>Mogens Green Rasmussen p\u00e5 Fyn har gennem 17 \u00e5r v\u00e6ret selvst\u00e6ndig t\u00f8mrermester. Faaborg-firmaet,\u00a0M\u00e5ls\u00e6tningen er at fremst\u00e5 som en kvalitetsbevidst T\u00f8mrerfirma, der udf\u00f8rer opgaver indenfor traditionelt T\u00f8mrer- &amp; Snedkermester r\u00e5der over eget snedkerv\u00e6rksted, renovering,\u00a0k\u00f8kkenmontering, glasmontering, boligselskabsopgaver, forsikringsskader, totalbyg,\u00a0 Renovering af kirke udf\u00f8res professionelt.m.m. Fyn har vi mange \u00e5rs erfaring i at udf\u00f8re restaurering og renovering af&#8230;<\/p>\n","protected":false},"author":1,"featured_media":848,"parent":0,"menu_order":1,"comment_status":"closed","ping_status":"closed","template":"template-fullwidth.php","meta":{"footnotes":"","_links_to":"","_links_to_target":""},"class_list":["post-2","page","type-page","status-publish","has-post-thumbnail","hentry"],"_links":{"self":[{"href":"https:\/\/www.mogens-green.dk\/index.php?rest_route=\/wp\/v2\/pages\/2"}],"collection":[{"href":"https:\/\/www.mogens-green.dk\/index.php?rest_route=\/wp\/v2\/pages"}],"about":[{"href":"https:\/\/www.mogens-green.dk\/index.php?rest_route=\/wp\/v2\/types\/page"}],"author":[{"embeddable":true,"href":"https:\/\/www.mogens-green.dk\/index.php?rest_route=\/wp\/v2\/users\/1"}],"replies":[{"embeddable":true,"href":"https:\/\/www.mogens-green.dk\/index.php?rest_route=%2Fwp%2Fv2%2Fcomments&post=2"}],"version-history":[{"count":86,"href":"https:\/\/www.mogens-green.dk\/index.php?rest_route=\/wp\/v2\/pages\/2\/revisions"}],"predecessor-version":[{"id":850,"href":"https:\/\/www.mogens-green.dk\/index.php?rest_route=\/wp\/v2\/pages\/2\/revisions\/850"}],"wp:featuredmedia":[{"embeddable":true,"href":"https:\/\/www.mogens-green.dk\/index.php?rest_route=\/wp\/v2\/media\/848"}],"wp:attachment":[{"href":"https:\/\/www.mogens-green.dk\/index.php?rest_route=%2Fwp%2Fv2%2Fmedia&parent=2"}],"curies":[{"name":"wp","href":"https:\/\/api.w.org\/{rel}","templated":true}]}}