{"id":16,"date":"2013-01-23T03:27:28","date_gmt":"2013-01-23T03:27:28","guid":{"rendered":"http:\/\/mogens-green.dk\/?page_id=16"},"modified":"2024-11-12T04:45:18","modified_gmt":"2024-11-12T02:45:18","slug":"vinduer","status":"publish","type":"page","link":"https:\/\/www.mogens-green.dk\/?page_id=16","title":{"rendered":"Gulve"},"content":{"rendered":"<\/p>\n<table style=\"WIDTH: 100%; BORDER-COLLAPSE: collapse\">\n<tbody>\n<tr>\n<td style=\"PADDING-RIGHT: 5px; VERTICAL-ALIGN: top\">\n<div>\n<div>Tr\u00e6gulve giver robuste, naturlige og behagelige overflader. De skaber rene linjer, ro og rummelighed. Mogens Green Rasmussen ved, at et smukt tr\u00e6gulv giver huset sj\u00e6l. <\/div>\n<div>&nbsp;<\/div>\n<div>Tr\u00e6 er&nbsp;virksomhedens foretrukne&nbsp;materiale. Det er smukt, duftende og holdbart, og det vil altid v\u00e6re muligt at finde et tr\u00e6gulv, der passer til jeres hjem.<\/div>\n<div>&nbsp;<\/div>\n<div>Skal det v\u00e6re rustikt eller klassisk? Massivt fyrretr\u00e6sgulv, lamelparket i ask eller skibsplanker i teak? Det er kun fantasien, der s\u00e6tter gr\u00e6nser.<\/div>\n<\/div>\n<\/td>\n<td style=\"VERTICAL-ALIGN: top\"><img loading=\"lazy\" decoding=\"async\" alt=\"\" src=\"wp-content\/uploads\/2014\/03\/content-gulve-1.jpg\" height=\"158\" border=\"0\" width=\"208\"><\/td>\n<\/tr>\n<\/tbody>\n<\/table>\n<p><img decoding=\"async\" src=\"wp-content\/uploads\/2014\/03\/Fjordal.jpg\" style=\"border:1px solid #CCC; margin:5px\"><\/a><img decoding=\"async\" src=\"wp-content\/uploads\/2014\/03\/Parket.jpg\" style=\"border:1px solid #CCC; margin:5px\"><\/a><img decoding=\"async\" src=\"wp-content\/uploads\/2014\/03\/Moland.jpg\" style=\"border:1px solid #CCC; margin:5px\"><\/a><img decoding=\"async\" src=\"wp-content\/uploads\/2014\/03\/pagulve.jpg\" style=\"border:1px solid #CCC; margin:5px\"><\/a><img decoding=\"async\" src=\"wp-content\/uploads\/2014\/03\/WikingGulve.jpg\" style=\"border:1px solid #CCC; margin:5px\"><\/p>\n","protected":false},"excerpt":{"rendered":"<p>Tr\u00e6gulve giver robuste, naturlige og behagelige overflader. De skaber rene linjer, ro og rummelighed. Mogens Green Rasmussen ved, at et smukt tr\u00e6gulv giver huset sj\u00e6l. &nbsp; Tr\u00e6 er&nbsp;virksomhedens foretrukne&nbsp;materiale. Det er smukt, duftende og holdbart, og det vil altid v\u00e6re muligt at finde et tr\u00e6gulv, der passer til jeres hjem. &nbsp; Skal det v\u00e6re rustikt&#8230;<\/p>\n","protected":false},"author":1,"featured_media":0,"parent":0,"menu_order":5,"comment_status":"open","ping_status":"closed","template":"template-fullwidth.php","meta":{"footnotes":"","_links_to":"","_links_to_target":""},"class_list":["post-16","page","type-page","status-publish","hentry"],"_links":{"self":[{"href":"https:\/\/www.mogens-green.dk\/index.php?rest_route=\/wp\/v2\/pages\/16"}],"collection":[{"href":"https:\/\/www.mogens-green.dk\/index.php?rest_route=\/wp\/v2\/pages"}],"about":[{"href":"https:\/\/www.mogens-green.dk\/index.php?rest_route=\/wp\/v2\/types\/page"}],"author":[{"embeddable":true,"href":"https:\/\/www.mogens-green.dk\/index.php?rest_route=\/wp\/v2\/users\/1"}],"replies":[{"embeddable":true,"href":"https:\/\/www.mogens-green.dk\/index.php?rest_route=%2Fwp%2Fv2%2Fcomments&post=16"}],"version-history":[{"count":20,"href":"https:\/\/www.mogens-green.dk\/index.php?rest_route=\/wp\/v2\/pages\/16\/revisions"}],"predecessor-version":[{"id":632,"href":"https:\/\/www.mogens-green.dk\/index.php?rest_route=\/wp\/v2\/pages\/16\/revisions\/632"}],"wp:attachment":[{"href":"https:\/\/www.mogens-green.dk\/index.php?rest_route=%2Fwp%2Fv2%2Fmedia&parent=16"}],"curies":[{"name":"wp","href":"https:\/\/api.w.org\/{rel}","templated":true}]}}